2*l - 20 = 2*u - 4*u, -5*l - 2*u + k = 0. Calculate the greatest common factor of 747 and l.
9
Let a(u) = -217*u - 139. Suppose 14*k + 45 = -25. Let r be a(k). Calculate the highest common divisor of r and 22.
22
Suppose -4*y + 2*r = -28, 380 - 376 = -3*y - r. Let u = 0 + 1. What is the greatest common divisor of u and y?
1
Let n(h) = 1761*h + 2405. Let t be n(-1). What is the highest common factor of 154 and t?
14
Suppose -15*b - 15 = -120. Let a(z) = 5*z**2 - 22*z + 8. Let i be a(b). What is the highest common factor of 66 and i?
33
Suppose 9614 = -11*p + 34*p. Let d(u) = -39*u**3 - 4 + 3*u + u**2 + 5 - u**2 + u**2. Let m be d(-1). What is the greatest common divisor of m and p?
38
Let o = -139 + 151. Suppose o*m + 2*h = 17*m - 118, -m - 4*h = -6. What is the greatest common factor of m and 176?
22
Let p(u) = 5*u**3 - 7*u**2 + 4*u + 9. Let n be p(4). Let c = -211 + n. What is the greatest common divisor of c and 77?
11
Let s(c) = 144*c**2 - c - 1. Let m be s(-1). Let k = 42 + -39. Suppose 2*v = 4*u + 20, -v + 19 + k = u. What is the highest common factor of v and m?
18
Let l be (-9)/(-6)*(-160)/(-6). Suppose 3*w = -n + 440 + 518, -3*w + 950 = 5*n. Calculate the greatest common factor of w and l.
40
Let s = -1107 + 6528. Calculate the highest common factor of s and 39.
39
Suppose -5*m - 249 = -19. Let v = m - 82. Let y = 223 + v. Calculate the highest common factor of y and 19.
19
Suppose 192 + 165 = 130*j - 33. Let k(m) = m**3 + 7*m**2 + 3*m + 4. Let d be k(-5). What is the highest common factor of j and d?
3
Let m(y) = 45*y**2 - 3. Let h be m(-3). Suppose 15*c - 1345 = -4975. Let x = c + h. Calculate the highest common factor of 40 and x.
40
Suppose 3 = g - 1. Suppose -5*x + 20 = 5*i, 2 = 3*x - 4*i - 17. Let n be x - (-1)/(-2)*8. What is the greatest common factor of n and g?
1
Let o = -440 + 432. Let f(v) = v**3 + 9*v**2 + 14*v + 50. Let x be f(o). Suppose -g = 2*g - 15. What is the highest common factor of g and x?
1
Let o = 10 - 8. Let l(a) = a**3 - 12*a**2 - 13*a. Let w be l(13). Suppose w = o*f + 11*f - 286. Calculate the greatest common divisor of f and 66.
22
Let o be (1/5)/(-1) - 102288/(-240). Let b = 504 - o. What is the highest common divisor of 18 and b?
6
Suppose -125*f + 7983 = -3*f - 39841. Calculate the highest common divisor of f and 224.
56
Suppose -70*b = -69*b - 476. Let v = b + -259. What is the highest common factor of v and 93?
31
Suppose -f + 30*o - 32*o + 230 = 0, 0 = -3*o + 9. Calculate the highest common factor of f and 288.
32
Let b(j) = 2441*j + 111. Let d be b(1). What is the greatest common divisor of 580 and d?
116
Suppose -1764 = -67*g - 51*g + 76*g. What is the greatest common factor of g and 1414?
14
Let g(h) = -20*h + 25. Suppose -b - 2*b + 3*p = 9, -48 = 4*b + 5*p. Let r be g(b). Calculate the greatest common divisor of 33 and r.
33
Let m = -2 + 2. Suppose -3*i + 3 + m = 0. Let b be ((56/308)/(1*2))/(7/(-1232)*-16). Calculate the highest common factor of b and i.
1
Let i be (-7)/(-2) - 12/(-8). Suppose -2*z + i*u + 11 = 0, u + 3*u + 27 = -z. Let s be (4 + -6)/(1/z). Calculate the greatest common factor of s and 56.
14
Let w = 239 + 913. What is the greatest common divisor of 72 and w?
72
Let c = -3796 + 4081. Calculate the greatest common factor of 345 and c.
15
Let n(k) = -k**2 + 32*k + 125. Let w be n(35). Let u(a) = -a**3 + 28*a**2 - 52*a + 5. Let o be u(26). What is the greatest common factor of o and w?
5
Let m = 65 + -70. Let t be (8 + -36)/(2/m). Let v(z) = -7*z - 18. Let n be v(-4). What is the highest common factor of t and n?
10
Let s = -5454 - -5510. Calculate the greatest common factor of s and 119.
7
Let s = 14417 - 10468. Calculate the greatest common divisor of s and 11.
11
Let f be (-8)/(-36) + (-43)/(-9). Let y(g) = -11*g + 139. Let i be y(11). Let x be 18/(-15)*(-225)/i. What is the greatest common factor of x and f?
5
Let z = -3752 + 9248. Calculate the greatest common divisor of z and 48.
24
Let s(v) = -11*v - 58. Let g be s(-16). Calculate the highest common factor of g and 1121.
59
Suppose 17*j - 3132 - 1956 = j. What is the greatest common divisor of j and 24?
6
Let w = -271 + 351. Suppose -l = 3*n - 0*l - 94, 4*n = -3*l + 132. Calculate the highest common divisor of w and n.
10
Let y(o) = -o**3 + 20*o**2 + 35*o - 125. Let a be y(20). Calculate the greatest common factor of a and 1840.
115
Suppose 5*s - 105 = -o, -4*s + 120 = s - 2*o. Suppose 3*q = 71 + s. Let p = q + 0. Calculate the highest common factor of p and 124.
31
Suppose -3*i - 3*s = -1383, -76*s - 1387 = -3*i - 78*s. Calculate the highest common divisor of i and 120.
15
Suppose 57*a - 20401 = 7600 + 14692. Calculate the greatest common divisor of 1391 and a.
107
Let x(p) = p**3 + 85*p**2 - 133*p + 98. Let k be x(-86). What is the greatest common divisor of 184 and k?
92
Let s(q) = 7275*q - 14144. Let t be s(5). Calculate the greatest common factor of 33 and t.
11
Suppose -3773 + 5871 = -35*y + 57853. Calculate the greatest common factor of 108 and y.
27
Suppose -38913 = -17*g + 105417. What is the greatest common factor of g and 30?
30
Let a = -29 + 14. Let d(h) = -h**3 - 4*h**2 + 21*h + 37. Let q be d(-7). Let i = a + q. Calculate the highest common factor of 154 and i.
22
Let j(y) = 4*y**3 + 107*y**2 - 33*y - 104. Let x be j(-27). Calculate the greatest common divisor of 5771 and x.
29
Let y = 11426 - 11394. What is the greatest common divisor of y and 1552?
16
Let i be 4/(-6) - 300/(-45). Suppose -768 = i*p - 14*p. Calculate the greatest common factor of 6 and p.
6
Suppose 0 = -43*p + 12*p + 47957. What is the highest common divisor of p and 273?
91
Let p = 1182 - 1167. Calculate the greatest common factor of p and 20115.
15
Suppose -2*r = -5*x - 10, 15*r - 16*r = 4*x - 18. Suppose -3745 = -r*u - 945. Calculate the greatest common divisor of 40 and u.
40
Suppose 4*s - 42 + 30 = 0. Suppose 1 = -s*i - 2, -3*i - 553 = -5*z. What is the highest common divisor of z and 22?
22
Let y be (-8)/24*639*-1. What is the highest common factor of y and 9585?
213
Let r(w) = -w**3 + 16*w**2 - 19*w - 6. Let s be r(14). Let z be (754/65 + -8)/(6/20). Calculate the greatest common factor of z and s.
12
Let a = 9813 + -5496. Suppose -a - 10503 = -38*j. What is the highest common divisor of 156 and j?
78
Let l(f) = -7*f. Let s(x) = -34*x + 99. Let a(n) = -5*l(n) + s(n). Let v be a(-8). What is the greatest common divisor of v and 7?
7
Let w = -2917 - -9253. Calculate the greatest common divisor of w and 27.
9
Let m(o) = -46*o - 52*o + 86*o + 213. Let i be m(11). Let a(k) = k**2 + 6*k + 2. Let d be a(-7). Calculate the highest common divisor of d and i.
9
Suppose -220 = -31*m + 30*m. Suppose 102*w - 97*w = m. Let b be (32/(-24))/(1/(-3)). Calculate the greatest common divisor of w and b.
4
Let m be (-11)/(-9) - (-4)/(-18). Let p be m*(-1)/2*-4. Let o be (1 + -36)*(3 - 154/49). What is the highest common divisor of p and o?
1
Suppose 3*r + 7*r + 2200 = 0. Let t = r + 445. Calculate the greatest common divisor of t and 180.
45
Suppose 2*g - 1156 = 3*h, -5*g - 98*h + 2912 = -100*h. Calculate the highest common factor of 16 and g.
8
Let p be ((-8932)/(-8))/7*(21 - 15). What is the highest common factor of p and 783?
87
Let v(z) = 7*z**3 - 3*z**2 - 2*z + 2. Let m be v(2). Let x = -14 + m. What is the highest common divisor of 224 and x?
28
Suppose 233*w = 8*w + 1609 + 2666. Calculate the highest common divisor of w and 1216.
19
Let z be (-416 + 8)/8*264/(-9). What is the greatest common divisor of z and 66?
22
Let f = 1512 - 819. Calculate the highest common factor of 44 and f.
11
Let g be (5 - -3)/2*216/(-16). Let n be (-2280)/g - (-4)/(-18). Calculate the highest common divisor of 63 and n.
21
Let b be (4 + -8)/(2/(-43)). Suppose -3*c + 1443 = 4*q, -8*q - 2377 = -5*c - 10*q. Calculate the highest common factor of b and c.
43
Suppose -2*k - 146 = -2*a, 4*k + 64 = 2*a - 78. Let g = 37475 + -37400. What is the highest common factor of a and g?
75
Let m(v) = v**3 - 13*v**2 + 9*v + 36. Let i be m(12). Suppose 10*z - 2604 - 2206 = i. Calculate the highest common divisor of z and 13.
13
Let m(d) be the second derivative of -13*d**3/6 - 17*d**2 - 60*d. Let j be m(-18). What is the highest common divisor of j and 8?
8
Suppose -5*z = 5*x - 1635, 5*